{"id":32061,"date":"2026-04-20T23:40:35","date_gmt":"2026-04-20T23:40:35","guid":{"rendered":"https:\/\/floristeriasantibella.com\/?post_type=product&#038;p=32061"},"modified":"2026-04-20T23:40:35","modified_gmt":"2026-04-20T23:40:35","slug":"ramo-de-rosas-rosadas-personalizado-para-grado","status":"publish","type":"product","link":"https:\/\/floristeriasantibella.com\/en\/product\/ramo-de-rosas-rosadas-personalizado-para-grado\/","title":{"rendered":"Ramo de Rosas Rosadas Personalizado para Grado"},"content":{"rendered":"<p>Sorprende con este hermoso ramo de 72 rosas rosadas personalizado, un dise\u00f1o floral elegante, femenino y lleno de significado, ideal para celebrar una graduaci\u00f3n con un detalle inolvidable. Su delicada combinaci\u00f3n de rosas en tonos rosados, acompa\u00f1ada de una hermosa corona decorativa y cinta personalizada, crea una presentaci\u00f3n sofisticada, emotiva y de gran impacto visual.<\/p>\n<p>Realizamos <strong data-start=\"1062\" data-end=\"1106\">domicilios en Medell\u00edn y Valle de Aburr\u00e1<\/strong>, para que puedas enviar este hermoso ramo con confianza y sorprender a esa persona especial con un detalle lleno de amor, orgullo y elegancia.<\/p>","protected":false},"excerpt":{"rendered":"<p data-start=\"1251\" data-end=\"1460\">Hermoso ramo de 72 rosas rosadas personalizado para graduaci\u00f3n, ideal para sorprender a una graduada con un detalle elegante, delicado y especial. Domicilios en Medell\u00edn y Valle de Aburr\u00e1.<\/p>","protected":false},"featured_media":32062,"comment_status":"open","ping_status":"closed","template":"","meta":[],"product_brand":[],"product_cat":[97,72],"product_tag":[],"class_list":{"0":"post-32061","1":"product","2":"type-product","3":"status-publish","4":"has-post-thumbnail","6":"product_cat-grados","7":"product_cat-ocasiones","9":"first","10":"instock","11":"shipping-taxable","12":"purchasable","13":"product-type-simple"},"yoast_head":"<!-- This site is optimized with the Yoast SEO plugin v25.3.1 - https:\/\/yoast.com\/wordpress\/plugins\/seo\/ -->\n<title>Ramo de Rosas Rosadas Personalizado para Grado - Floristeria Santibella<\/title>\n<meta name=\"description\" content=\"Ramo de rosas 72 rosadas personalizado para graduaci\u00f3n. Domicilios en Medell\u00edn y Valle de Aburr\u00e1.\" \/>\n<meta name=\"robots\" content=\"index, follow, max-snippet:-1, max-image-preview:large, max-video-preview:-1\" \/>\n<link rel=\"canonical\" href=\"https:\/\/floristeriasantibella.com\/en\/product\/ramo-de-rosas-rosadas-personalizado-para-grado\/\" \/>\n<meta property=\"og:locale\" content=\"en_US\" \/>\n<meta property=\"og:type\" content=\"article\" \/>\n<meta property=\"og:title\" content=\"Ramo de Rosas Rosadas Personalizado para Grado - Floristeria Santibella\" \/>\n<meta property=\"og:description\" content=\"Ramo de rosas 72 rosadas personalizado para graduaci\u00f3n. Domicilios en Medell\u00edn y Valle de Aburr\u00e1.\" \/>\n<meta property=\"og:url\" content=\"https:\/\/floristeriasantibella.com\/en\/product\/ramo-de-rosas-rosadas-personalizado-para-grado\/\" \/>\n<meta property=\"og:site_name\" content=\"Floristeria Santibella\" \/>\n<meta property=\"og:image\" content=\"https:\/\/floristeriasantibella.com\/wp-content\/uploads\/2026\/04\/Floristeria-71.jpg\" \/>\n\t<meta property=\"og:image:width\" content=\"500\" \/>\n\t<meta property=\"og:image:height\" content=\"500\" \/>\n\t<meta property=\"og:image:type\" content=\"image\/jpeg\" \/>\n<meta name=\"twitter:card\" content=\"summary_large_image\" \/>\n<meta name=\"twitter:label1\" content=\"Est. reading time\" \/>\n\t<meta name=\"twitter:data1\" content=\"1 minute\" \/>\n<script type=\"application\/ld+json\" class=\"yoast-schema-graph\">{\"@context\":\"https:\/\/schema.org\",\"@graph\":[{\"@type\":\"WebPage\",\"@id\":\"https:\/\/floristeriasantibella.com\/producto\/ramo-de-rosas-rosadas-personalizado-para-grado\/\",\"url\":\"https:\/\/floristeriasantibella.com\/producto\/ramo-de-rosas-rosadas-personalizado-para-grado\/\",\"name\":\"Ramo de Rosas Rosadas Personalizado para Grado - Floristeria Santibella\",\"isPartOf\":{\"@id\":\"https:\/\/floristeriasantibella.com\/#website\"},\"primaryImageOfPage\":{\"@id\":\"https:\/\/floristeriasantibella.com\/producto\/ramo-de-rosas-rosadas-personalizado-para-grado\/#primaryimage\"},\"image\":{\"@id\":\"https:\/\/floristeriasantibella.com\/producto\/ramo-de-rosas-rosadas-personalizado-para-grado\/#primaryimage\"},\"thumbnailUrl\":\"https:\/\/floristeriasantibella.com\/wp-content\/uploads\/2026\/04\/Floristeria-71.jpg\",\"datePublished\":\"2026-04-20T23:40:35+00:00\",\"description\":\"Ramo de rosas 72 rosadas personalizado para graduaci\u00f3n. Domicilios en Medell\u00edn y Valle de Aburr\u00e1.\",\"breadcrumb\":{\"@id\":\"https:\/\/floristeriasantibella.com\/producto\/ramo-de-rosas-rosadas-personalizado-para-grado\/#breadcrumb\"},\"inLanguage\":\"en-US\",\"potentialAction\":[{\"@type\":\"ReadAction\",\"target\":[\"https:\/\/floristeriasantibella.com\/producto\/ramo-de-rosas-rosadas-personalizado-para-grado\/\"]}]},{\"@type\":\"ImageObject\",\"inLanguage\":\"en-US\",\"@id\":\"https:\/\/floristeriasantibella.com\/producto\/ramo-de-rosas-rosadas-personalizado-para-grado\/#primaryimage\",\"url\":\"https:\/\/floristeriasantibella.com\/wp-content\/uploads\/2026\/04\/Floristeria-71.jpg\",\"contentUrl\":\"https:\/\/floristeriasantibella.com\/wp-content\/uploads\/2026\/04\/Floristeria-71.jpg\",\"width\":500,\"height\":500},{\"@type\":\"BreadcrumbList\",\"@id\":\"https:\/\/floristeriasantibella.com\/producto\/ramo-de-rosas-rosadas-personalizado-para-grado\/#breadcrumb\",\"itemListElement\":[{\"@type\":\"ListItem\",\"position\":1,\"name\":\"Home\",\"item\":\"https:\/\/floristeriasantibella.com\/\"},{\"@type\":\"ListItem\",\"position\":2,\"name\":\"Tienda\",\"item\":\"https:\/\/floristeriasantibella.com\/tienda\/\"},{\"@type\":\"ListItem\",\"position\":3,\"name\":\"Ramo de Rosas Rosadas Personalizado para Grado\"}]},{\"@type\":\"WebSite\",\"@id\":\"https:\/\/floristeriasantibella.com\/#website\",\"url\":\"https:\/\/floristeriasantibella.com\/\",\"name\":\"Floristeria Santibella\",\"description\":\"Env\u00eda flores a Medell\u00edn desde cualquier parte del mundo. Entregas r\u00e1pidas, dise\u00f1os personalizados y atenci\u00f3n de calidad. \u00a1Compra ahora online!\",\"publisher\":{\"@id\":\"https:\/\/floristeriasantibella.com\/#organization\"},\"potentialAction\":[{\"@type\":\"SearchAction\",\"target\":{\"@type\":\"EntryPoint\",\"urlTemplate\":\"https:\/\/floristeriasantibella.com\/?s={search_term_string}\"},\"query-input\":{\"@type\":\"PropertyValueSpecification\",\"valueRequired\":true,\"valueName\":\"search_term_string\"}}],\"inLanguage\":\"en-US\"},{\"@type\":\"Organization\",\"@id\":\"https:\/\/floristeriasantibella.com\/#organization\",\"name\":\"Floristeria Santibella\",\"url\":\"https:\/\/floristeriasantibella.com\/\",\"logo\":{\"@type\":\"ImageObject\",\"inLanguage\":\"en-US\",\"@id\":\"https:\/\/floristeriasantibella.com\/#\/schema\/logo\/image\/\",\"url\":\"http:\/\/floristeriasantibella.com\/wp-content\/uploads\/2025\/07\/LOGO-SANTIBELLA-03.png\",\"contentUrl\":\"http:\/\/floristeriasantibella.com\/wp-content\/uploads\/2025\/07\/LOGO-SANTIBELLA-03.png\",\"width\":1080,\"height\":1080,\"caption\":\"Floristeria Santibella\"},\"image\":{\"@id\":\"https:\/\/floristeriasantibella.com\/#\/schema\/logo\/image\/\"}}]}<\/script>\n<!-- \/ Yoast SEO plugin. -->","yoast_head_json":{"title":"Ramo de Rosas Rosadas Personalizado para Grado - Floristeria Santibella","description":"Ramo de rosas 72 rosadas personalizado para graduaci\u00f3n. Domicilios en Medell\u00edn y Valle de Aburr\u00e1.","robots":{"index":"index","follow":"follow","max-snippet":"max-snippet:-1","max-image-preview":"max-image-preview:large","max-video-preview":"max-video-preview:-1"},"canonical":"https:\/\/floristeriasantibella.com\/en\/product\/ramo-de-rosas-rosadas-personalizado-para-grado\/","og_locale":"en_US","og_type":"article","og_title":"Ramo de Rosas Rosadas Personalizado para Grado - Floristeria Santibella","og_description":"Ramo de rosas 72 rosadas personalizado para graduaci\u00f3n. Domicilios en Medell\u00edn y Valle de Aburr\u00e1.","og_url":"https:\/\/floristeriasantibella.com\/en\/product\/ramo-de-rosas-rosadas-personalizado-para-grado\/","og_site_name":"Floristeria Santibella","og_image":[{"width":500,"height":500,"url":"https:\/\/floristeriasantibella.com\/wp-content\/uploads\/2026\/04\/Floristeria-71.jpg","type":"image\/jpeg"}],"twitter_card":"summary_large_image","twitter_misc":{"Est. reading time":"1 minute"},"schema":{"@context":"https:\/\/schema.org","@graph":[{"@type":"WebPage","@id":"https:\/\/floristeriasantibella.com\/producto\/ramo-de-rosas-rosadas-personalizado-para-grado\/","url":"https:\/\/floristeriasantibella.com\/producto\/ramo-de-rosas-rosadas-personalizado-para-grado\/","name":"Ramo de Rosas Rosadas Personalizado para Grado - Floristeria Santibella","isPartOf":{"@id":"https:\/\/floristeriasantibella.com\/#website"},"primaryImageOfPage":{"@id":"https:\/\/floristeriasantibella.com\/producto\/ramo-de-rosas-rosadas-personalizado-para-grado\/#primaryimage"},"image":{"@id":"https:\/\/floristeriasantibella.com\/producto\/ramo-de-rosas-rosadas-personalizado-para-grado\/#primaryimage"},"thumbnailUrl":"https:\/\/floristeriasantibella.com\/wp-content\/uploads\/2026\/04\/Floristeria-71.jpg","datePublished":"2026-04-20T23:40:35+00:00","description":"Ramo de rosas 72 rosadas personalizado para graduaci\u00f3n. Domicilios en Medell\u00edn y Valle de Aburr\u00e1.","breadcrumb":{"@id":"https:\/\/floristeriasantibella.com\/producto\/ramo-de-rosas-rosadas-personalizado-para-grado\/#breadcrumb"},"inLanguage":"en-US","potentialAction":[{"@type":"ReadAction","target":["https:\/\/floristeriasantibella.com\/producto\/ramo-de-rosas-rosadas-personalizado-para-grado\/"]}]},{"@type":"ImageObject","inLanguage":"en-US","@id":"https:\/\/floristeriasantibella.com\/producto\/ramo-de-rosas-rosadas-personalizado-para-grado\/#primaryimage","url":"https:\/\/floristeriasantibella.com\/wp-content\/uploads\/2026\/04\/Floristeria-71.jpg","contentUrl":"https:\/\/floristeriasantibella.com\/wp-content\/uploads\/2026\/04\/Floristeria-71.jpg","width":500,"height":500},{"@type":"BreadcrumbList","@id":"https:\/\/floristeriasantibella.com\/producto\/ramo-de-rosas-rosadas-personalizado-para-grado\/#breadcrumb","itemListElement":[{"@type":"ListItem","position":1,"name":"Home","item":"https:\/\/floristeriasantibella.com\/"},{"@type":"ListItem","position":2,"name":"Tienda","item":"https:\/\/floristeriasantibella.com\/tienda\/"},{"@type":"ListItem","position":3,"name":"Ramo de Rosas Rosadas Personalizado para Grado"}]},{"@type":"WebSite","@id":"https:\/\/floristeriasantibella.com\/#website","url":"https:\/\/floristeriasantibella.com\/","name":"Floristeria Santibella","description":"Env\u00eda flores a Medell\u00edn desde cualquier parte del mundo. Entregas r\u00e1pidas, dise\u00f1os personalizados y atenci\u00f3n de calidad. \u00a1Compra ahora online!","publisher":{"@id":"https:\/\/floristeriasantibella.com\/#organization"},"potentialAction":[{"@type":"SearchAction","target":{"@type":"EntryPoint","urlTemplate":"https:\/\/floristeriasantibella.com\/?s={search_term_string}"},"query-input":{"@type":"PropertyValueSpecification","valueRequired":true,"valueName":"search_term_string"}}],"inLanguage":"en-US"},{"@type":"Organization","@id":"https:\/\/floristeriasantibella.com\/#organization","name":"Floristeria Santibella","url":"https:\/\/floristeriasantibella.com\/","logo":{"@type":"ImageObject","inLanguage":"en-US","@id":"https:\/\/floristeriasantibella.com\/#\/schema\/logo\/image\/","url":"http:\/\/floristeriasantibella.com\/wp-content\/uploads\/2025\/07\/LOGO-SANTIBELLA-03.png","contentUrl":"http:\/\/floristeriasantibella.com\/wp-content\/uploads\/2025\/07\/LOGO-SANTIBELLA-03.png","width":1080,"height":1080,"caption":"Floristeria Santibella"},"image":{"@id":"https:\/\/floristeriasantibella.com\/#\/schema\/logo\/image\/"}}]}},"jetpack_sharing_enabled":true,"_links":{"self":[{"href":"https:\/\/floristeriasantibella.com\/en\/wp-json\/wp\/v2\/product\/32061","targetHints":{"allow":["GET"]}}],"collection":[{"href":"https:\/\/floristeriasantibella.com\/en\/wp-json\/wp\/v2\/product"}],"about":[{"href":"https:\/\/floristeriasantibella.com\/en\/wp-json\/wp\/v2\/types\/product"}],"replies":[{"embeddable":true,"href":"https:\/\/floristeriasantibella.com\/en\/wp-json\/wp\/v2\/comments?post=32061"}],"version-history":[{"count":1,"href":"https:\/\/floristeriasantibella.com\/en\/wp-json\/wp\/v2\/product\/32061\/revisions"}],"predecessor-version":[{"id":32063,"href":"https:\/\/floristeriasantibella.com\/en\/wp-json\/wp\/v2\/product\/32061\/revisions\/32063"}],"wp:featuredmedia":[{"embeddable":true,"href":"https:\/\/floristeriasantibella.com\/en\/wp-json\/wp\/v2\/media\/32062"}],"wp:attachment":[{"href":"https:\/\/floristeriasantibella.com\/en\/wp-json\/wp\/v2\/media?parent=32061"}],"wp:term":[{"taxonomy":"product_brand","embeddable":true,"href":"https:\/\/floristeriasantibella.com\/en\/wp-json\/wp\/v2\/product_brand?post=32061"},{"taxonomy":"product_cat","embeddable":true,"href":"https:\/\/floristeriasantibella.com\/en\/wp-json\/wp\/v2\/product_cat?post=32061"},{"taxonomy":"product_tag","embeddable":true,"href":"https:\/\/floristeriasantibella.com\/en\/wp-json\/wp\/v2\/product_tag?post=32061"}],"curies":[{"name":"wp","href":"https:\/\/api.w.org\/{rel}","templated":true}]}}

<p>Sorprende con este hermoso ramo de 72 rosas rosadas personalizado, un diseño floral elegante, femenino y lleno de significado, ideal para celebrar una graduación con un detalle inolvidable. Su delicada combinación de rosas en tonos rosados, acompañada de una hermosa corona decorativa y cinta personalizada, crea una presentación sofisticada, emotiva y de gran impacto visual.</p>
<p>Realizamos <strong data-start="1062" data-end="1106">domicilios en Medellín y Valle de Aburrá</strong>, para que puedas enviar este hermoso ramo con confianza y sorprender a esa persona especial con un detalle lleno de amor, orgullo y elegancia.</p>

<p data-start="1251" data-end="1460">Hermoso ramo de 72 rosas rosadas personalizado para graduación, ideal para sorprender a una graduada con un detalle elegante, delicado y especial. Domicilios en Medellín y Valle de Aburrá.</p>

<!-- This site is optimized with the Yoast SEO plugin v25.3.1 - https://yoast.com/wordpress/plugins/seo/ -->
<title>Ramo de Rosas Rosadas Personalizado para Grado - Floristeria Santibella</title>
<meta name="description" content="Ramo de rosas 72 rosadas personalizado para graduación. Domicilios en Medellín y Valle de Aburrá." />
<meta name="robots" content="index, follow, max-snippet:-1, max-image-preview:large, max-video-preview:-1" />
<link rel="canonical" href="https://floristeriasantibella.com/en/product/ramo-de-rosas-rosadas-personalizado-para-grado/" />
<meta property="og:locale" content="en_US" />
<meta property="og:type" content="article" />
<meta property="og:title" content="Ramo de Rosas Rosadas Personalizado para Grado - Floristeria Santibella" />
<meta property="og:description" content="Ramo de rosas 72 rosadas personalizado para graduación. Domicilios en Medellín y Valle de Aburrá." />
<meta property="og:url" content="https://floristeriasantibella.com/en/product/ramo-de-rosas-rosadas-personalizado-para-grado/" />
<meta property="og:site_name" content="Floristeria Santibella" />
<meta property="og:image" content="https://floristeriasantibella.com/wp-content/uploads/2026/04/Floristeria-71.jpg" />
	<meta property="og:image:width" content="500" />
	<meta property="og:image:height" content="500" />
	<meta property="og:image:type" content="image/jpeg" />
<meta name="twitter:card" content="summary_large_image" />
<meta name="twitter:label1" content="Est. reading time" />
	<meta name="twitter:data1" content="1 minute" />
<script type="application/ld+json" class="yoast-schema-graph">{"@context":"https://schema.org","@graph":[{"@type":"WebPage","@id":"https://floristeriasantibella.com/producto/ramo-de-rosas-rosadas-personalizado-para-grado/","url":"https://floristeriasantibella.com/producto/ramo-de-rosas-rosadas-personalizado-para-grado/","name":"Ramo de Rosas Rosadas Personalizado para Grado - Floristeria Santibella","isPartOf":{"@id":"https://floristeriasantibella.com/#website"},"primaryImageOfPage":{"@id":"https://floristeriasantibella.com/producto/ramo-de-rosas-rosadas-personalizado-para-grado/#primaryimage"},"image":{"@id":"https://floristeriasantibella.com/producto/ramo-de-rosas-rosadas-personalizado-para-grado/#primaryimage"},"thumbnailUrl":"https://floristeriasantibella.com/wp-content/uploads/2026/04/Floristeria-71.jpg","datePublished":"2026-04-20T23:40:35+00:00","description":"Ramo de rosas 72 rosadas personalizado para graduación. Domicilios en Medellín y Valle de Aburrá.","breadcrumb":{"@id":"https://floristeriasantibella.com/producto/ramo-de-rosas-rosadas-personalizado-para-grado/#breadcrumb"},"inLanguage":"en-US","potentialAction":[{"@type":"ReadAction","target":["https://floristeriasantibella.com/producto/ramo-de-rosas-rosadas-personalizado-para-grado/"]}]},{"@type":"ImageObject","inLanguage":"en-US","@id":"https://floristeriasantibella.com/producto/ramo-de-rosas-rosadas-personalizado-para-grado/#primaryimage","url":"https://floristeriasantibella.com/wp-content/uploads/2026/04/Floristeria-71.jpg","contentUrl":"https://floristeriasantibella.com/wp-content/uploads/2026/04/Floristeria-71.jpg","width":500,"height":500},{"@type":"BreadcrumbList","@id":"https://floristeriasantibella.com/producto/ramo-de-rosas-rosadas-personalizado-para-grado/#breadcrumb","itemListElement":[{"@type":"ListItem","position":1,"name":"Home","item":"https://floristeriasantibella.com/"},{"@type":"ListItem","position":2,"name":"Tienda","item":"https://floristeriasantibella.com/tienda/"},{"@type":"ListItem","position":3,"name":"Ramo de Rosas Rosadas Personalizado para Grado"}]},{"@type":"WebSite","@id":"https://floristeriasantibella.com/#website","url":"https://floristeriasantibella.com/","name":"Floristeria Santibella","description":"Envía flores a Medellín desde cualquier parte del mundo. Entregas rápidas, diseños personalizados y atención de calidad. ¡Compra ahora online!","publisher":{"@id":"https://floristeriasantibella.com/#organization"},"potentialAction":[{"@type":"SearchAction","target":{"@type":"EntryPoint","urlTemplate":"https://floristeriasantibella.com/?s={search_term_string}"},"query-input":{"@type":"PropertyValueSpecification","valueRequired":true,"valueName":"search_term_string"}}],"inLanguage":"en-US"},{"@type":"Organization","@id":"https://floristeriasantibella.com/#organization","name":"Floristeria Santibella","url":"https://floristeriasantibella.com/","logo":{"@type":"ImageObject","inLanguage":"en-US","@id":"https://floristeriasantibella.com/#/schema/logo/image/","url":"http://floristeriasantibella.com/wp-content/uploads/2025/07/LOGO-SANTIBELLA-03.png","contentUrl":"http://floristeriasantibella.com/wp-content/uploads/2025/07/LOGO-SANTIBELLA-03.png","width":1080,"height":1080,"caption":"Floristeria Santibella"},"image":{"@id":"https://floristeriasantibella.com/#/schema/logo/image/"}}]}</script>
<!-- / Yoast SEO plugin. -->

Ramo de rosas 72 rosadas personalizado para graduación. Domicilios en Medellín y Valle de Aburrá.

Envía flores a Medellín desde cualquier parte del mundo. Entregas rápidas, diseños personalizados y atención de calidad. ¡Compra ahora online!
